divided by 333?
9
Calculate the remainder when 376 is divided by 331.
45
Calculate the remainder when 245 is divided by 24.
5
What is the remainder when 3820 is divided by 132?
124
What is the remainder when 2341 is divided by 3?
1
What is the remainder when 176 is divided by 10?
6
Calculate the remainder when 250 is divided by 116.
18
Calculate the remainder when 531 is divided by 38.
37
What is the remainder when 1395 is divided by 38?
27
What is the remainder when 6973 is divided by 22?
21
Calculate the remainder when 202 is divided by 27.
13
Calculate the remainder when 43 is divided by 21.
1
Calculate the remainder when 524 is divided by 48.
44
Calculate the remainder when 528 is divided by 327.
201
What is the remainder when 818 is divided by 75?
68
Calculate the remainder when 4026 is divided by 106.
104
Calculate the remainder when 263 is divided by 122.
19
Calculate the remainder when 986 is divided by 493.
0
Calculate the remainder when 2123 is divided by 125.
123
What is the remainder when 197 is divided by 41?
33
Calculate the remainder when 35558 is divided by 280.
278
Calculate the remainder when 303 is divided by 18.
15
Calculate the remainder when 4739 is divided by 132.
119
What is the remainder when 202 is divided by 5?
2
What is the remainder when 758 is divided by 129?
113
Calculate the remainder when 13321 is divided by 4.
1
Calculate the remainder when 429 is divided by 36.
33
Calculate the remainder when 633 is divided by 61.
23
What is the remainder when 100 is divided by 39?
22
Calculate the remainder when 768 is divided by 14.
12
What is the remainder when 2124 is divided by 153?
135
What is the remainder when 57 is divided by 56?
1
Calculate the remainder when 399 is divided by 136.
127
What is the remainder when 4510 is divided by 30?
10
What is the remainder when 558 is divided by 29?
7
Calculate the remainder when 168 is divided by 38.
16
Calculate the remainder when 193 is divided by 22.
17
Calculate the remainder when 981 is divided by 166.
151
Calculate the remainder when 435 is divided by 11.
6
Calculate the remainder when 1163 is divided by 53.
50
Calculate the remainder when 466 is divided by 50.
16
What is the remainder when 96 is divided by 34?
28
Calculate the remainder when 232 is divided by 2.
0
Calculate the remainder when 727 is divided by 91.
90
What is the remainder when 12821 is divided by 95?
91
Calculate the remainder when 8438 is divided by 18.
14
What is the remainder when 85 is divided by 43?
42
Calculate the remainder when 217 is divided by 69.
10
What is the remainder when 3087 is divided by 17?
10
What is the remainder when 462 is divided by 430?
32
Calculate the remainder when 719 is divided by 23.
6
Calculate the remainder when 67 is divided by 4.
3
Calculate the remainder when 87 is divided by 30.
27
Calculate the remainder when 439 is divided by 82.
29
What is the remainder when 471 is divided by 98?
79
What is the remainder when 804 is divided by 329?
146
Calculate the remainder when 1803 is divided by 86.
83
What is the remainder when 153 is divided by 138?
15
What is the remainder when 389 is divided by 53?
18
Calculate the remainder when 212 is divided by 187.
25
Calculate the remainder when 340 is divided by 19.
17
Calculate the remainder when 178 is divided by 26.
22
Calculate the remainder when 94 is divided by 16.
14
What is the remainder when 122 is divided by 22?
12
What is the remainder when 78 is divided by 30?
18
What is the remainder when 204 is divided by 71?
62
What is the remainder when 270 is divided by 16?
14
What is the remainder when 2899 is divided by 5?
4
Calculate the remainder when 49 is divided by 34.
15
Calculate the remainder when 1439 is divided by 72.
71
Calculate the remainder when 909 is divided by 134.
105
Calculate the remainder when 453 is divided by 87.
18
What is the remainder when 22 is divided by 14?
8
Calculate the remainder when 454 is divided by 66.
58
What is the remainder when 1011 is divided by 253?
252
Calculate the remainder when 87 is divided by 16.
7
What is the remainder when 2377 is divided by 268?
233
Calculate the remainder when 4021 is divided by 118.
9
What is the remainder when 404 is divided by 399?
5
What is the remainder when 469 is divided by 35?
14
What is the remainder when 26337 is divided by 15?
12
Calculate the remainder when 444 is divided by 87.
9
Calculate the remainder when 409 is divided by 112.
73
What is the remainder when 635 is divided by 128?
123
Calculate the remainder when 439 is divided by 212.
15
What is the remainder when 156 is divided by 117?
39
What is the remainder when 4850 is divided by 78?
14
What is the remainder when 180 is divided by 31?
25
What is the remainder when 1317 is divided by 82?
5
Calculate the remainder when 1313 is divided by 28.
25
Calculate the remainder when 639 is divided by 88.
23
Calculate the remainder when 11 is divided by 7.
4
What is the remainder when 287 is divided by 139?
9
What is the remainder when 565 is divided by 277?
11
What is the remainder when 230 is divided by 38?
2
Calculate the remainder when 179 is divided by 94.
85
Calculate the remainder when 222 is divided by 93.
36
Calculate the remainder when 436 is divided by 87.
1
What is the remainder when 23 is divided by 12?
11
What is the remainder when 19 is divided by 15?
4
What is the remainder when 46 is divided by 24?
22
What is the remainder when 3821 is divided by 7?
6
Calculate the remainder when 970 is divided by 58.
42
What is the remainder when 1365 is divided by 36?
33
What is the remainder when 5547 is divided by 31?
29
Calculate the remainder when 260 is divided by 127.
6
Calculate the remainder when 7104 is divided by 21.
6
What is the remainder when 15 is divided by 4?
3
Calculate the remainder when 103 is divided by 13.
12
Calculate the remainder when 1291 is divided by 6.
1
Calculate the remainder when 154 is divided by 80.
74
What is the remainder when 36 is divided by 20?
16
Calculate the remainder when 2529 is divided by 110.
109
What is the remainder when 533 is divided by 134?
131
Calculate the remainder when 99 is divided by 33.
0
What is the remainder when 1412 is divided by 120?
92
What is the remainder when 1142 is divided by 52?
50
Calculate the remainder when 2002 is divided by 59.
55
Calculate the remainder when 15 is divided by 9.
6
Calculate the remainder when 772 is divided by 52.
44
Calculate the remainder when 2166 is divided by 36.
6
What is the remainder when 3561 is divided by 190?
141
What is the remainder when 1809 is divided by 12?
9
Calculate the remainder when 288 is divided by 143.
2
What is the remainder when 45 is divided by 19?
7
What is the remainder when 13 is divided by 5?
3
Calculate the remainder when 34 is divided by 18.
16
What is the remainder when 6464 is divided by 84?
80
Calculate the remainder when 1239 is divided by 17.
15
Calculate the remainder when 830 is divided by 30.
20
Calculate the remainder when 830 is divided by 52.
50
What is the remainder when 580 is divided by 53?
50
What is the remainder when 509 is divided by 6?
5
What is the remainder when 655 is divided by 41?
40
What is the remainder when 159 is divided by 7?
5
What is the remainder when 3442 is divided by 41?
39
What is the remainder when 3848 is divided by 148?
0
What is the remainder when 183 is divided by 100?
83
Calculate the remainder when 277 is divided by 70.
67
What is the remainder when 7181 is divided by 114?
113
Calculate the remainder when 1086 is divided by 136.
134
Calculate the remainder when 87 is divided by 12.
3
Calculate the remainder when 139 is divided by 41.
16
Calculate the remainder when 1729 is divided by 1719.
10
Calculate the remainder when 76 is divided by 56.
20
Calculate the remainder when 668 is divided by 61.
58
Calculate the remainder when 93 is divided by 52.
41
Calculate the remainder when 207 is divided by 30.
27
What is the remainder when 322 is divided by 109?
104
Calculate the remainder when 567 is divided by 82.
75
What is the remainder when 482 is divided by 61?
55
Calculate the remainder when 8484 is divided by 123.
120
What is the remainder when 38 is divided by 24?
14
What is the remainder when 83 is divided by 7?
6
Calculate the remainder 